{"id":70,"date":"2025-12-16T14:25:20","date_gmt":"2025-12-16T17:25:20","guid":{"rendered":"https:\/\/demoacad.com\/d18\/?page_id=70"},"modified":"2025-12-17T17:08:46","modified_gmt":"2025-12-17T20:08:46","slug":"somos","status":"publish","type":"page","link":"https:\/\/demoacad.com\/d18\/somos\/","title":{"rendered":"SOMOS"},"content":{"rendered":"<p>[et_pb_section fb_built=\u00bb1&#8243; admin_label=\u00bbHeader\u00bb _builder_version=\u00bb4.27.4&#8243; _module_preset=\u00bbdefault\u00bb background_enable_color=\u00bboff\u00bb use_background_color_gradient=\u00bbon\u00bb background_color_gradient_stops=\u00bbrgba(39,41,47,0.67) 0%|rgba(39,41,47,0.78) 98%\u00bb background_color_gradient_overlays_image=\u00bbon\u00bb background_image=\u00bbhttps:\/\/demoacad.com\/d18\/wp-content\/uploads\/2025\/12\/Somos-03.jpg\u00bb width_tablet=\u00bb80%\u00bb width_phone=\u00bb80%\u00bb width_last_edited=\u00bbon|desktop\u00bb module_alignment=\u00bbcenter\u00bb custom_padding=\u00bb10vw||10vw||true|false\u00bb hover_enabled=\u00bb0&#8243; locked=\u00bboff\u00bb collapsed=\u00bbon\u00bb global_colors_info=\u00bb{}\u00bb sticky_enabled=\u00bb0&#8243;][et_pb_row _builder_version=\u00bb4.27.4&#8243; _module_preset=\u00bbdefault\u00bb global_colors_info=\u00bb{}\u00bb][et_pb_column type=\u00bb4_4&#8243; _builder_version=\u00bb4.21.0&#8243; _module_preset=\u00bbdefault\u00bb global_colors_info=\u00bb{}\u00bb][et_pb_heading title=\u00bbQuienes somos\u00bb _builder_version=\u00bb4.27.4&#8243; _module_preset=\u00bbdefault\u00bb title_font=\u00bbLato|900||on|||||\u00bb title_text_align=\u00bbcenter\u00bb title_text_color=\u00bb#FFFFFF\u00bb title_font_size=\u00bb42px\u00bb hover_enabled=\u00bb0&#8243; global_colors_info=\u00bb{}\u00bb sticky_enabled=\u00bb0&#8243;][\/et_pb_heading][\/et_pb_column][\/et_pb_row][\/et_pb_section][et_pb_section fb_built=\u00bb1&#8243; admin_label=\u00bbAbout\u00bb _builder_version=\u00bb4.21.0&#8243; _module_preset=\u00bbdefault\u00bb locked=\u00bboff\u00bb collapsed=\u00bbon\u00bb global_colors_info=\u00bb{}\u00bb][et_pb_row column_structure=\u00bb2_5,3_5&#8243; use_custom_gutter=\u00bbon\u00bb gutter_width=\u00bb2&#8243; make_equal=\u00bbon\u00bb _builder_version=\u00bb4.27.4&#8243; _module_preset=\u00bbdefault\u00bb global_colors_info=\u00bb{}\u00bb][et_pb_column type=\u00bb2_5&#8243; _builder_version=\u00bb4.27.4&#8243; _module_preset=\u00bbdefault\u00bb background_image=\u00bbhttps:\/\/demoacad.com\/d18\/wp-content\/uploads\/2025\/12\/Somos-02.jpg\u00bb border_radii=\u00bbon|10px|10px|10px|10px\u00bb global_colors_info=\u00bb{}\u00bb][et_pb_divider show_divider=\u00bboff\u00bb _builder_version=\u00bb4.27.4&#8243; _module_preset=\u00bbdefault\u00bb height_tablet=\u00bb40vw\u00bb height_phone=\u00bb40vw\u00bb height_last_edited=\u00bbon|desktop\u00bb locked=\u00bboff\u00bb global_colors_info=\u00bb{}\u00bb][\/et_pb_divider][\/et_pb_column][et_pb_column type=\u00bb3_5&#8243; _builder_version=\u00bb4.27.4&#8243; _module_preset=\u00bbdefault\u00bb background_color=\u00bbgcid-70184d90-89dc-4d37-8a72-67bb78c7369e\u00bb custom_padding=\u00bb50px|50px|50px|50px|true|true\u00bb custom_padding_tablet=\u00bb30px|30px|30px|30px|true|true\u00bb custom_padding_phone=\u00bb20px|20px|20px|20px|true|true\u00bb custom_padding_last_edited=\u00bbon|desktop\u00bb border_radii=\u00bbon|10px|10px|10px|10px\u00bb global_colors_info=\u00bb{%22gcid-70184d90-89dc-4d37-8a72-67bb78c7369e%22:%91%22background_color%22%93}\u00bb][et_pb_text _builder_version=\u00bb4.27.4&#8243; _module_preset=\u00bb_initial\u00bb text_text_color=\u00bb#262624&#8243; text_font_size=\u00bb15px\u00bb global_colors_info=\u00bb{}\u00bb]<\/p>\n<p>CASASYA EAS es una empresa paraguaya dedicada al desarrollo inmobiliario y a la construcci\u00f3n de viviendas. Gestionamos y desarrollamos proyectos inmobiliarios incorporando innovaci\u00f3n y desarrollo tecnol\u00f3gico, y participamos en la intermediaci\u00f3n en la compra y venta de inmuebles.<\/p>\n<p>Nuestra experiencia abarca todas las etapas del proceso inmobiliario: desde la b\u00fasqueda y compra del terreno, el desarrollo del anteproyecto y la construcci\u00f3n, hasta la venta de las unidades y el acompa\u00f1amiento postventa. Este enfoque integral es posible gracias a un equipo multidisciplinario de profesionales que conforman la empresa.<\/p>\n<p>Nos respalda una experiencia de m\u00e1s de 20 a\u00f1os junto a ALVAR &amp; WILFRED Inversiones Inmobiliarias S.A.C. (Per\u00fa), cuyos socios integran actualmente CASASYA EAS en Paraguay. En ese per\u00edodo, se han desarrollado m\u00e1s de 25 edificios multifamiliares en Lima, con 350 departamentos entregados a trav\u00e9s del programa \u201cTecho Propio\u201d.<\/p>\n<p>[\/et_pb_text][\/et_pb_column][\/et_pb_row][et_pb_row column_structure=\u00bb1_3,1_3,1_3&#8243; use_custom_gutter=\u00bbon\u00bb gutter_width=\u00bb2&#8243; make_equal=\u00bbon\u00bb _builder_version=\u00bb4.24.0&#8243; _module_preset=\u00bbdefault\u00bb custom_margin=\u00bb0px||0px||true|false\u00bb custom_padding=\u00bb15px||15px||true|false\u00bb global_colors_info=\u00bb{}\u00bb][et_pb_column type=\u00bb1_3&#8243; _builder_version=\u00bb4.16&#8243; _module_preset=\u00bbdefault\u00bb global_colors_info=\u00bb{}\u00bb][et_pb_blurb title=\u00bbMisi\u00f3n\u00bb use_icon=\u00bbon\u00bb font_icon=\u00bb&#xe007;||divi||400&#8243; icon_color=\u00bb#385273&#8243; image_icon_width=\u00bb70px\u00bb _builder_version=\u00bb4.27.4&#8243; _module_preset=\u00bbdefault\u00bb header_font=\u00bbLato|700|||||||\u00bb header_text_color=\u00bb#385273&#8243; header_font_size=\u00bb22px\u00bb body_font=\u00bbLato||||||||\u00bb body_text_color=\u00bb#000000&#8243; body_font_size=\u00bb16px\u00bb body_line_height=\u00bb1.9em\u00bb background_color=\u00bb#ffffff\u00bb text_orientation=\u00bbcenter\u00bb custom_padding=\u00bb25px|15px|25px|15px|true|true\u00bb animation_style=\u00bbfade\u00bb animation_duration=\u00bb1500ms\u00bb box_shadow_style=\u00bbpreset1&#8243; box_shadow_color=\u00bbrgba(147,147,147,0.14)\u00bb image_max_width=\u00bb85px\u00bb global_colors_info=\u00bb{}\u00bb header_text_color__hover_enabled=\u00bbon|hover\u00bb header_text_color__hover=\u00bb#4e7fbf\u00bb]<\/p>\n<p>Desarrollar y construir viviendas mediante una gesti\u00f3n integral de proyectos inmobiliarios, incorporando innovaci\u00f3n y desarrollo tecnol\u00f3gico en cada etapa, desde el terreno hasta la postventa.<\/p>\n<p>[\/et_pb_blurb][\/et_pb_column][et_pb_column type=\u00bb1_3&#8243; _builder_version=\u00bb4.16&#8243; _module_preset=\u00bbdefault\u00bb global_colors_info=\u00bb{}\u00bb][et_pb_blurb title=\u00bbVisi\u00f3n\u00bb use_icon=\u00bbon\u00bb font_icon=\u00bb&#xf06e;||fa||400&#8243; icon_color=\u00bb#385273&#8243; image_icon_width=\u00bb70px\u00bb _builder_version=\u00bb4.27.4&#8243; _module_preset=\u00bbdefault\u00bb header_font=\u00bbLato|700|||||||\u00bb header_text_color=\u00bb#385273&#8243; header_font_size=\u00bb22px\u00bb body_font=\u00bbLato||||||||\u00bb body_text_color=\u00bb#000000&#8243; body_font_size=\u00bb16px\u00bb body_line_height=\u00bb1.9em\u00bb background_color=\u00bb#ffffff\u00bb text_orientation=\u00bbcenter\u00bb custom_padding=\u00bb25px|15px|25px|15px|true|true\u00bb animation_style=\u00bbfade\u00bb animation_duration=\u00bb1500ms\u00bb box_shadow_style=\u00bbpreset1&#8243; box_shadow_color=\u00bbrgba(147,147,147,0.14)\u00bb image_max_width=\u00bb85px\u00bb global_colors_info=\u00bb{}\u00bb header_text_color__hover_enabled=\u00bbon|hover\u00bb header_text_color__hover=\u00bb#4e7fbf\u00bb]<\/p>\n<p>Consolidarnos como una empresa referente en Paraguay en desarrollo inmobiliario y construcci\u00f3n de viviendas, creando proyectos que trascienden la estructura y se convierten en verdaderos hogares.<\/p>\n<p>[\/et_pb_blurb][\/et_pb_column][et_pb_column type=\u00bb1_3&#8243; _builder_version=\u00bb4.16&#8243; _module_preset=\u00bbdefault\u00bb global_colors_info=\u00bb{}\u00bb][et_pb_blurb title=\u00bbValores\u00bb use_icon=\u00bbon\u00bb font_icon=\u00bb&#xf515;||fa||900&#8243; icon_color=\u00bb#385273&#8243; image_icon_width=\u00bb70px\u00bb _builder_version=\u00bb4.27.4&#8243; _module_preset=\u00bbdefault\u00bb header_font=\u00bbLato|700|||||||\u00bb header_text_color=\u00bb#385273&#8243; header_font_size=\u00bb22px\u00bb body_font=\u00bbLato||||||||\u00bb body_text_color=\u00bb#000000&#8243; body_font_size=\u00bb16px\u00bb body_line_height=\u00bb1.9em\u00bb background_color=\u00bb#ffffff\u00bb text_orientation=\u00bbcenter\u00bb custom_padding=\u00bb25px|15px|25px|15px|true|true\u00bb animation_style=\u00bbfade\u00bb animation_duration=\u00bb1500ms\u00bb box_shadow_style=\u00bbpreset1&#8243; box_shadow_color=\u00bbrgba(147,147,147,0.14)\u00bb image_max_width=\u00bb85px\u00bb global_colors_info=\u00bb{}\u00bb header_text_color__hover_enabled=\u00bbon|hover\u00bb header_text_color__hover=\u00bb#4e7fbf\u00bb]<\/p>\n<p>Trabajamos con un enfoque basado en la innovaci\u00f3n, la calidad y el compromiso profesional, integrando tecnolog\u00eda, atenci\u00f3n al detalle y un acompa\u00f1amiento constante en cada proyecto inmobiliario.<\/p>\n<p>[\/et_pb_blurb][\/et_pb_column][\/et_pb_row][et_pb_row _builder_version=\u00bb4.22.0&#8243; _module_preset=\u00bbdefault\u00bb locked=\u00bboff\u00bb global_colors_info=\u00bb{}\u00bb][et_pb_column type=\u00bb4_4&#8243; _builder_version=\u00bb4.22.0&#8243; _module_preset=\u00bbdefault\u00bb global_colors_info=\u00bb{}\u00bb][et_pb_button button_url=\u00bbhttps:\/\/wa.me\/595985100847&#8243; button_text=\u00bbContactar\u00bb button_alignment=\u00bbcenter\u00bb _builder_version=\u00bb4.27.4&#8243; _module_preset=\u00bb_initial\u00bb custom_button=\u00bbon\u00bb button_text_size=\u00bb18px\u00bb button_text_color=\u00bb#FFFFFF\u00bb button_bg_color=\u00bb#4e7fbf\u00bb button_border_width=\u00bb0px\u00bb button_border_color=\u00bb#ffffff\u00bb button_letter_spacing=\u00bb1px\u00bb button_font=\u00bbLato|700||on|||||\u00bb button_use_icon=\u00bboff\u00bb custom_padding=\u00bb10px|45px|10px|45px|true|true\u00bb global_colors_info=\u00bb{}\u00bb][\/et_pb_button][\/et_pb_column][\/et_pb_row][\/et_pb_section]<\/p>\n","protected":false},"excerpt":{"rendered":"<p>CASASYA EAS es una empresa paraguaya dedicada al desarrollo inmobiliario y a la construcci\u00f3n de viviendas. Gestionamos y desarrollamos proyectos inmobiliarios incorporando innovaci\u00f3n y desarrollo tecnol\u00f3gico, y participamos en la intermediaci\u00f3n en la compra y venta de inmuebles. Nuestra experiencia abarca todas las etapas del proceso inmobiliario: desde la b\u00fasqueda y compra del terreno, el [&hellip;]<\/p>\n","protected":false},"author":1,"featured_media":0,"parent":0,"menu_order":0,"comment_status":"closed","ping_status":"closed","template":"","meta":{"_et_pb_use_builder":"on","_et_pb_old_content":"","_et_gb_content_width":"","footnotes":""},"class_list":["post-70","page","type-page","status-publish","hentry"],"yoast_head":"<!-- This site is optimized with the Yoast SEO plugin v26.6 - https:\/\/yoast.com\/wordpress\/plugins\/seo\/ -->\n<title>SOMOS | CasasYA<\/title>\n<meta name=\"robots\" content=\"noindex, follow, max-snippet:-1, max-image-preview:large, max-video-preview:-1\" \/>\n<meta property=\"og:locale\" content=\"es_ES\" \/>\n<meta property=\"og:type\" content=\"article\" \/>\n<meta property=\"og:title\" content=\"SOMOS | CasasYA\" \/>\n<meta property=\"og:description\" content=\"CASASYA EAS es una empresa paraguaya dedicada al desarrollo inmobiliario y a la construcci\u00f3n de viviendas. Gestionamos y desarrollamos proyectos inmobiliarios incorporando innovaci\u00f3n y desarrollo tecnol\u00f3gico, y participamos en la intermediaci\u00f3n en la compra y venta de inmuebles. Nuestra experiencia abarca todas las etapas del proceso inmobiliario: desde la b\u00fasqueda y compra del terreno, el [&hellip;]\" \/>\n<meta property=\"og:url\" content=\"https:\/\/demoacad.com\/d18\/somos\/\" \/>\n<meta property=\"og:site_name\" content=\"CasasYA\" \/>\n<meta property=\"article:modified_time\" content=\"2025-12-17T20:08:46+00:00\" \/>\n<meta name=\"twitter:card\" content=\"summary_large_image\" \/>\n<script type=\"application\/ld+json\" class=\"yoast-schema-graph\">{\"@context\":\"https:\/\/schema.org\",\"@graph\":[{\"@type\":\"WebPage\",\"@id\":\"https:\/\/demoacad.com\/d18\/somos\/\",\"url\":\"https:\/\/demoacad.com\/d18\/somos\/\",\"name\":\"SOMOS | CasasYA\",\"isPartOf\":{\"@id\":\"https:\/\/demoacad.com\/d18\/#website\"},\"datePublished\":\"2025-12-16T17:25:20+00:00\",\"dateModified\":\"2025-12-17T20:08:46+00:00\",\"breadcrumb\":{\"@id\":\"https:\/\/demoacad.com\/d18\/somos\/#breadcrumb\"},\"inLanguage\":\"es\",\"potentialAction\":[{\"@type\":\"ReadAction\",\"target\":[\"https:\/\/demoacad.com\/d18\/somos\/\"]}]},{\"@type\":\"BreadcrumbList\",\"@id\":\"https:\/\/demoacad.com\/d18\/somos\/#breadcrumb\",\"itemListElement\":[{\"@type\":\"ListItem\",\"position\":1,\"name\":\"Portada\",\"item\":\"https:\/\/demoacad.com\/d18\/\"},{\"@type\":\"ListItem\",\"position\":2,\"name\":\"SOMOS\"}]},{\"@type\":\"WebSite\",\"@id\":\"https:\/\/demoacad.com\/d18\/#website\",\"url\":\"https:\/\/demoacad.com\/d18\/\",\"name\":\"CasasYA\",\"description\":\"\",\"potentialAction\":[{\"@type\":\"SearchAction\",\"target\":{\"@type\":\"EntryPoint\",\"urlTemplate\":\"https:\/\/demoacad.com\/d18\/?s={search_term_string}\"},\"query-input\":{\"@type\":\"PropertyValueSpecification\",\"valueRequired\":true,\"valueName\":\"search_term_string\"}}],\"inLanguage\":\"es\"}]}<\/script>\n<!-- \/ Yoast SEO plugin. -->","yoast_head_json":{"title":"SOMOS | CasasYA","robots":{"index":"noindex","follow":"follow","max-snippet":"max-snippet:-1","max-image-preview":"max-image-preview:large","max-video-preview":"max-video-preview:-1"},"og_locale":"es_ES","og_type":"article","og_title":"SOMOS | CasasYA","og_description":"CASASYA EAS es una empresa paraguaya dedicada al desarrollo inmobiliario y a la construcci\u00f3n de viviendas. Gestionamos y desarrollamos proyectos inmobiliarios incorporando innovaci\u00f3n y desarrollo tecnol\u00f3gico, y participamos en la intermediaci\u00f3n en la compra y venta de inmuebles. Nuestra experiencia abarca todas las etapas del proceso inmobiliario: desde la b\u00fasqueda y compra del terreno, el [&hellip;]","og_url":"https:\/\/demoacad.com\/d18\/somos\/","og_site_name":"CasasYA","article_modified_time":"2025-12-17T20:08:46+00:00","twitter_card":"summary_large_image","schema":{"@context":"https:\/\/schema.org","@graph":[{"@type":"WebPage","@id":"https:\/\/demoacad.com\/d18\/somos\/","url":"https:\/\/demoacad.com\/d18\/somos\/","name":"SOMOS | CasasYA","isPartOf":{"@id":"https:\/\/demoacad.com\/d18\/#website"},"datePublished":"2025-12-16T17:25:20+00:00","dateModified":"2025-12-17T20:08:46+00:00","breadcrumb":{"@id":"https:\/\/demoacad.com\/d18\/somos\/#breadcrumb"},"inLanguage":"es","potentialAction":[{"@type":"ReadAction","target":["https:\/\/demoacad.com\/d18\/somos\/"]}]},{"@type":"BreadcrumbList","@id":"https:\/\/demoacad.com\/d18\/somos\/#breadcrumb","itemListElement":[{"@type":"ListItem","position":1,"name":"Portada","item":"https:\/\/demoacad.com\/d18\/"},{"@type":"ListItem","position":2,"name":"SOMOS"}]},{"@type":"WebSite","@id":"https:\/\/demoacad.com\/d18\/#website","url":"https:\/\/demoacad.com\/d18\/","name":"CasasYA","description":"","potentialAction":[{"@type":"SearchAction","target":{"@type":"EntryPoint","urlTemplate":"https:\/\/demoacad.com\/d18\/?s={search_term_string}"},"query-input":{"@type":"PropertyValueSpecification","valueRequired":true,"valueName":"search_term_string"}}],"inLanguage":"es"}]}},"_links":{"self":[{"href":"https:\/\/demoacad.com\/d18\/wp-json\/wp\/v2\/pages\/70","targetHints":{"allow":["GET"]}}],"collection":[{"href":"https:\/\/demoacad.com\/d18\/wp-json\/wp\/v2\/pages"}],"about":[{"href":"https:\/\/demoacad.com\/d18\/wp-json\/wp\/v2\/types\/page"}],"author":[{"embeddable":true,"href":"https:\/\/demoacad.com\/d18\/wp-json\/wp\/v2\/users\/1"}],"replies":[{"embeddable":true,"href":"https:\/\/demoacad.com\/d18\/wp-json\/wp\/v2\/comments?post=70"}],"version-history":[{"count":13,"href":"https:\/\/demoacad.com\/d18\/wp-json\/wp\/v2\/pages\/70\/revisions"}],"predecessor-version":[{"id":171,"href":"https:\/\/demoacad.com\/d18\/wp-json\/wp\/v2\/pages\/70\/revisions\/171"}],"wp:attachment":[{"href":"https:\/\/demoacad.com\/d18\/wp-json\/wp\/v2\/media?parent=70"}],"curies":[{"name":"wp","href":"https:\/\/api.w.org\/{rel}","templated":true}]}}